1271?
True
Is 981 a factor of 893052863?
False
Is 196 a factor of 673491180?
False
Does 19 divide 13943321?
True
Is 80354843 a multiple of 339?
False
Is 81170532 a multiple of 6?
True
Does 353 divide 40386499?
False
Does 1216 divide 52521222?
False
Does 3 divide 434248854?
True
Does 12 divide 8822164?
False
Does 493 divide 300564845?
True
Is 710849096 a multiple of 4154?
True
Is 110 a factor of 15561920?
True
Does 182 divide 517259343?
False
Is 30443984 a multiple of 823?
False
Is 19 a factor of 878843?
False
Does 520 divide 2896832042?
False
Is 261 a factor of 977569236?
True
Does 27 divide 19622250?
True
Does 3269 divide 3657855932?
False
Is 533415926 a multiple of 2597?
False
Is 104 a factor of 7169565728?
True
Does 132 divide 115762812?
True
Is 8104 a factor of 726353853?
False
Does 15 divide 4108254691?
False
Is 14 a factor of 779611028?
True
Is 171232672 a multiple of 13?
True
Is 69 a factor of 617981566?
False
Is 284874090 a multiple of 23?
True
Does 14 divide 11679088?
False
Is 525 a factor of 947643929?
False
Is 24 a factor of 187157800?
False
Does 60 divide 69886484?
False
Is 39858473 a multiple of 26?
False
Is 1009 a factor of 1352060?
True
Does 38 divide 113446730?
False
Does 4397 divide 290412901?
False
Is 18184293 a multiple of 946?
False
Is 14090272 a multiple of 224?
True
Is 3 a factor of 3483660?
True
Does 109 divide 6463529?
False
Does 569 divide 610784424?
False
Is 399983718 a multiple of 986?
True
Is 404 a factor of 1460294458?
False
Does 222 divide 86389135?
False
Does 7525 divide 2222790587?
False
Is 126790753 a multiple of 745?
False
Is 120003528 a multiple of 465?
False
Is 192 a factor of 53152704?
True
Does 220 divide 8188235?
False
Is 8883925 a multiple of 95?
True
Is 4349 a factor of 101049015?
True
Is 22658994 a multiple of 99?
False
Is 2368191634 a multiple of 22?
False
Is 3 a factor of 77419438?
False
Is 7574738 a multiple of 2?
True
Is 20012425 even?
False
Is 176 a factor of 2964664032?
True
Is 2 a factor of 13816453?
False
Is 597 a factor of 557729507?
False
Is 31 a factor of 6742404?
False
Does 3656 divide 878055080?
False
Is 1142916055 a multiple of 8316?
False
Does 18 divide 374106527?
False
Is 223566711 a multiple of 70?
False
Is 18 a factor of 377062902?
True
Is 2665 a factor of 71600282?
False
Does 32 divide 25730016?
True
Is 8 a factor of 71173176?
True
Is 290512248 a multiple of 78?
True
Is 3103 a factor of 255699487?
False
Is 304197712 a multiple of 13?
True
Is 86 a factor of 515831698?
True
Is 857 a factor of 270241238?
True
Is 1149303625 a multiple of 1775?
True
Is 246 a factor of 99255834?
True
Does 12 divide 244793680?
False
Does 619 divide 1474191?
False
Is 5723240 a multiple of 796?
True
Is 104543519 a multiple of 18?
False
Is 58 a factor of 5209670?
False
Is 117 a factor of 37319359?
False
Does 125 divide 149751467?
False
Is 223949421 even?
False
Is 1667376480 a multiple of 1056?
True
Is 489654637 a multiple of 487?
True
Is 47 a factor of 52702847?
False
Is 27 a factor of 27523530?
True
Is 78714285 a multiple of 13?
True
Is 715 a factor of 87167378?
False
Does 449 divide 120974519?
True
Is 1208499100 a multiple of 1241?
False
Is 3616 a factor of 249209922?
False
Is 184 a factor of 81662647?
False
Does 47 divide 4172803605?
False
Is 565318896 a multiple of 3545?
False
Does 15 divide 1008559?
False
Does 6 divide 38422959?
False
Is 621 a factor of 17468109?
True
Is 140064341 a multiple of 216?
False
Does 125 divide 1909519000?
True
Does 91 divide 983976630?
True
Is 130 a factor of 95667000?
True
Is 141 a factor of 44367007?
False
Is 43 a factor of 37504901?
True
Does 450 divide 1583758350?
True
Is 5897 a factor of 532851324?
False
Is 3024043671 a multiple of 43?
True
Is 1322 a factor of 1124350424?
True
Does 8 divide 31708061?
False
Is 11002433 a multiple of 103?
False
Is 37550864 a multiple of 55?
False
Does 13 divide 1179451?
True
Is 10 a factor of 36728496?
False
Is 195 a factor of 1338526166?
False
Does 14 divide 85160782?
True
Does 89 divide 415431263?
True
Is 289 a factor of 17567443?
True
Is 444 a factor of 164436055?
False
Does 65 divide 14681714?
False
Does 3 divide 21662069?
False
Is 355 a factor of 24800300?
True
Is 1348889 a multiple of 3?
False
Is 61538405 a multiple of 38?
False
Is 32674202 a multiple of 111?
False
Does 18 divide 5145665?
False
Does 43 divide 1465569?
True
Does 77 divide 29694588?
True
Is 671 a factor of 105694459?
False
Is 305 a factor of 502679955?
True
Is 27 a factor of 4688815?
False
Is 66751657 a multiple of 752?
False
Is 668 a factor of 185179620?
True
Does 7219 divide 1184790582?
False
Does 157 divide 72674662?
False
Is 70 a factor of 518441560?
True
Does 144 divide 142520581?
False
Is 33 a factor of 13587208?
False
Does 150 divide 388881600?
True
Is 1007113819 a multiple of 2922?
False
Is 629860840 a multiple of 16?
False
Is 422 a factor of 33087152?
False
Is 48 a factor of 24679451?
False
Does 3222 divide 1708717921?
False
Does 3 divide 14572032?
True
Does 2 divide 7150194?
True
Does 292 divide 3432566311?
False
Is 751 a factor of 298703491?
True
Is 19 a factor of 15446069?
True
Does 317 divide 175212546?
False
Is 72 a factor of 442759988?
False
Is 112 a factor of 55488629?
False
Is 188081648 a multiple of 464?
False
Is 2588499694 a multiple of 11?
True
Is 1659137904 a multiple of 4388?
True
Is 39879453 a multiple of 354?
False
Does 12 divide 160998132?
True
Is 23 a factor of 3526445?
False
Is 2625 a multiple of 38?
False
Is 101904129 a multiple of 1743?
False
Does 198 divide 491690430?
True
Does 747 divide 47826377?
False
Does 226 divide 184518062?
False
Does 35 divide 60746733?
False
Is 227304378 a multiple of 8?
False
Is 9 a factor of 33810839?
False
Does 176 divide 9569824?
True
Does 587 divide 13280288?
True
Is 17 a factor of 30623511?
True
Does 4 divide 2995870?
False
Does 10 divide 116680114?
False
Does 134 divide 3082384446?
True
Is 10537134 a multiple of 10?
False
Is 3571 a factor of 661081375?
True
Does 3152 divide 200367288?
False
Is 6076615 a multiple of 204?
False
Is 719522160 a multiple of 20?
True
Is 56 a factor of 258099240?
True
Is 467175021 a multiple of 57?
True
Is 5 a factor of 80895561?
False
Does 128 divide 424287872?
True
Is 277 a factor of 58129230?
False
Does 72 divide 3515544?
True
Does 193 divide 208012312?
True
Is 23 a factor of 36333588?
False
Does 5547 divide 4281361775?
False
Is 760 a factor of 52022760?
True
Is 51 a factor of 29720454?
True
Does 179 divide 1157584587?
True
Is 35322400 a multiple of 68?
False
Is 179 a factor of 126913767?
False
Is 645 a factor of 1556756520?
True
Is 20021047 a multiple of 48?
False
Does 38 divide 761475426?
True
Does 188 divide 1757400399?
False
Is 7605714 a multiple of 23?
False
Is 114644950 a multiple of 111?
False
Is 23 a factor of 76224392?
True
Does 95 divide 229349665?
True
Is 32326050 a multiple of 25?
True
Does 278 divide 437784956?
False
Does 38 divide 1397728235?
False
Is 3028 a factor of 709218160?
True
Is 198061506 a multiple of 617?
False
Does 75 divide 7370620?
False
Does 11 divide 1310247353?
False
Is 101172601 a multiple of 211?
True
Does 307 divide 98406394?
True
Is 8175030 a multiple of 15?
True
Does 124 divide 3338583995?
False
Does 66 divide 3237342?
False
Does 504 divide 7753418?
False
Is 57 a factor of 999837?
True
Does 41 divide 405464823?
False
Is 1298 a factor of 896333275?
False
Is 351 a factor of 10396620?
True
Is 357 a factor of 7997871?
True
Is 177974795 a multiple of 53?
True
Is 1567921035 a multiple of 39?
False
Does 115 divide 4421128164?
False
Does 290 divide 247222970?
True
Does 8561 divide 595194964?
True
Does 2285 divide 19929770?
True
Does 17 divide 587621656?
False
Is 7917053 a multiple of 25?
False
Is 1090 a factor of 32355421?
False
Does 879 divide 8752203?
True
Does 195 divide 18934129?
False
Does 384 divide 397239168?
True
Is 445 a factor of 652789089?
False
Does 544 divide 20303168?
True
Does 677 divide 110982490?
False
Is 6 a factor of 1438392?
True
Is 85177280 a multiple of 78?
False
Is 20 a factor of 745822049?
False
Is 68085420 a multiple of 205?
True
Does 277 divide 45004190?
True
Is 4463633526 a multiple of 102?
True
Is 382736128 a multiple of 130?
False
Is 142519405 a multiple of 1388?
False
Is 1106413657 a multiple of 195?
False
Does 25 divi